{"id":8050,"date":"2024-01-13T10:50:43","date_gmt":"2024-01-13T15:50:43","guid":{"rendered":"https:\/\/www.microxol.com\/?post_type=product&#038;p=8050"},"modified":"2024-01-13T14:52:40","modified_gmt":"2024-01-13T19:52:40","slug":"todo-en-uno-para-punto-de-venta-touch-premium-sat-u7500-intel-core-i5","status":"publish","type":"product","link":"https:\/\/www.microxol.com\/?product=todo-en-uno-para-punto-de-venta-touch-premium-sat-u7500-intel-core-i5","title":{"rendered":"TODO EN UNO  PUNTO DE VENTA TOUCH PREMIUM DOBLE PANTALLA  CORE I5"},"content":{"rendered":"<p>PROCESADOR\u00a0 INTEL CORE I5<\/p>\n<p>MEMORIA RAM 8GB<\/p>\n<p>DISCO SOLIDO 128GB<\/p>\n<p>GRAFICOS INTEL\u00a0 HD GRAPHICS 520\/INTEL HD GRAPHICS 620<\/p>\n<p>RANURAS DE EXPASION 1X MINI PCI &#8211; EX<\/p>\n<p>PANTALLA\u00a0 PRINCIPAL TAMA\u00d1O 15&#8243; TOUCH TRUE- FIAT &#8211; CAPACITIVE MULTI-TOUCH<\/p>\n<p>PANTALLA POSTERIOR SECUNDARIA\u00a0 9.7&#8243;<\/p>\n","protected":false},"excerpt":{"rendered":"<div class=\"left-heading\">\n<h5>Ofrece mayor contenido con la Funci\u00f3n doble pantalla.<\/h5>\n<\/div>\n<div class=\"left-text\">\n<p>Ofrecemos una soluci\u00f3n donde el punto de venta no solo es un proceso de transacci\u00f3n si no que dise\u00f1amos optimizar las \u00e1reas en puntos de experiencia que sean relevantes, eficientes y productivas para el crecimiento de las ventas.<br \/>\nPor tal motivo nuestra serie CI140 ofrece una segunda pantalla de 10.1 Pulgadas con una resoluci\u00f3n de 1024 x 600 relacionando visualmente al cliente accediendo o brindando contenido digital aprovechando el espacio y as\u00ed proyectar promociones, videos, procesos de facturaci\u00f3n, entre otros.<\/p>\n<p>La pantalla t\u00e1ctil principal esta construida para optimizar los espacios gracias a su dise\u00f1o compacto incorpora una pantalla touch de 15 pulgadas (4: 3) para obtener el \u00e1rea de visualizaci\u00f3n ideal para el contenido de las operaciones del d\u00eda a d\u00eda.<br \/>\nEl Monitor touch nos ofrece una alta resoluci\u00f3n 1024 x 768 acompa\u00f1ada con una vida \u00fatil de 70.000 Horas (4 A\u00f1os), incorpora pantalla capacitiva, funci\u00f3n multi-touch se puede generar varios toques al mismo tiempo hasta 10 puntos. La imagen tiene una mayor calidad y mejor brillo.<\/p>\n<\/div>\n","protected":false},"featured_media":8051,"comment_status":"closed","ping_status":"closed","template":"","meta":{"kt_blocks_editor_width":""},"product_brand":[],"product_cat":[246,210],"product_tag":[],"class_list":{"0":"post-8050","1":"product","2":"type-product","3":"status-publish","4":"has-post-thumbnail","6":"product_cat-equipos-post","7":"product_cat-punto-de-venta-post","9":"first","10":"instock","11":"shipping-taxable","12":"purchasable","13":"product-type-simple"},"_links":{"self":[{"href":"https:\/\/www.microxol.com\/index.php?rest_route=\/wp\/v2\/product\/8050","targetHints":{"allow":["GET"]}}],"collection":[{"href":"https:\/\/www.microxol.com\/index.php?rest_route=\/wp\/v2\/product"}],"about":[{"href":"https:\/\/www.microxol.com\/index.php?rest_route=\/wp\/v2\/types\/product"}],"replies":[{"embeddable":true,"href":"https:\/\/www.microxol.com\/index.php?rest_route=%2Fwp%2Fv2%2Fcomments&post=8050"}],"wp:featuredmedia":[{"embeddable":true,"href":"https:\/\/www.microxol.com\/index.php?rest_route=\/wp\/v2\/media\/8051"}],"wp:attachment":[{"href":"https:\/\/www.microxol.com\/index.php?rest_route=%2Fwp%2Fv2%2Fmedia&parent=8050"}],"wp:term":[{"taxonomy":"product_brand","embeddable":true,"href":"https:\/\/www.microxol.com\/index.php?rest_route=%2Fwp%2Fv2%2Fproduct_brand&post=8050"},{"taxonomy":"product_cat","embeddable":true,"href":"https:\/\/www.microxol.com\/index.php?rest_route=%2Fwp%2Fv2%2Fproduct_cat&post=8050"},{"taxonomy":"product_tag","embeddable":true,"href":"https:\/\/www.microxol.com\/index.php?rest_route=%2Fwp%2Fv2%2Fproduct_tag&post=8050"}],"curies":[{"name":"wp","href":"https:\/\/api.w.org\/{rel}","templated":true}]}}