{"id":802,"date":"2015-10-30T18:49:02","date_gmt":"2015-10-30T23:49:02","guid":{"rendered":"https:\/\/www.microxol.com.co\/nuevo\/?post_type=product&#038;p=802"},"modified":"2021-12-13T20:17:47","modified_gmt":"2021-12-14T01:17:47","slug":"parlantes-logitech-5-1-z506","status":"publish","type":"product","link":"https:\/\/www.microxol.com\/?product=parlantes-logitech-5-1-z506","title":{"rendered":"PARLANTES LOGITECH Z906"},"content":{"rendered":"<p><b>Sistema de sonido Logitech Z906<\/b><\/p>\n<p><b>Caracter\u00edsticas:<\/b><\/p>\n<p>Sum\u00e9rjete en una experiencia de audio con calidad de cine en la comodidad de su hogar con este sistema de altavoces 5.1. La potencia de 1000 vatios pico \/ 500 vatios RMS ofrece un potente sonido envolvente con certificaci\u00f3n THX para brindarte una experiencia de audio pr\u00e9mium. Dise\u00f1ado para decodificar bandas sonoras de Dolby Digital y DTS, para una reproducci\u00f3n superior de pel\u00edculas y m\u00fasica.<\/p>\n<p><b>1000 vatios de sonido potente.\u00a0<\/b>La potencia de 1000 vatios pico \/ 500 vatios RMS ofrece un audio rico y graves atronadores. Disfruta una experiencia de audio que ofrece todos los detalles, desde el rugido de la multitud hasta la puerta que se cierra lentamente. Sonido que realmente puedes escuchar y sentir.<\/p>\n<p><b>Vers\u00e1til configuraci\u00f3n.\u00a0<\/b>Soporta m\u00faltiples entradas simult\u00e1neamente. Conecta hasta seis dispositivos compatibles a trav\u00e9s de entradas \u00f3pticas y coaxiales digitales de 3,5 mm, RCA, directas de seis canales. Elije la entrada de audio a trav\u00e9s de la consola de control o el control remoto.<\/p>\n","protected":false},"excerpt":{"rendered":"<p>&nbsp;<\/p>\n<p>.Vatios totales (RMS): 500 W*<br \/>\n\u2022 Subwoofer: 165 W<br \/>\n\u2022 Sat\u00e9lites: 4 x 67 W, montable en pared<br \/>\n\u2022 Altavoz de canal central: 1 x 67 W, montable en la pared<br \/>\n\u2022 Entrada \u00f3ptica digital: 2<br \/>\n\u2022 Entrada coaxial digital: 1<br \/>\n\u2022 Entrada directa de seis canales: 1<br \/>\n\u2022 Entrada de 3.5 mm: 1<br \/>\n\u2022 Toma de auriculares: 1<br \/>\n\u2022 Entrada RCA: 1<br \/>\n\u2022 Consola de control<br \/>\n\u2022 Mando por infrarrojos<\/p>\n","protected":false},"featured_media":1046,"comment_status":"open","ping_status":"closed","template":"","meta":{"kt_blocks_editor_width":""},"product_brand":[],"product_cat":[32],"product_tag":[],"class_list":{"0":"post-802","1":"product","2":"type-product","3":"status-publish","4":"has-post-thumbnail","6":"product_cat-parlantes","8":"first","9":"instock","10":"shipping-taxable","11":"purchasable","12":"product-type-simple"},"_links":{"self":[{"href":"https:\/\/www.microxol.com\/index.php?rest_route=\/wp\/v2\/product\/802","targetHints":{"allow":["GET"]}}],"collection":[{"href":"https:\/\/www.microxol.com\/index.php?rest_route=\/wp\/v2\/product"}],"about":[{"href":"https:\/\/www.microxol.com\/index.php?rest_route=\/wp\/v2\/types\/product"}],"replies":[{"embeddable":true,"href":"https:\/\/www.microxol.com\/index.php?rest_route=%2Fwp%2Fv2%2Fcomments&post=802"}],"wp:featuredmedia":[{"embeddable":true,"href":"https:\/\/www.microxol.com\/index.php?rest_route=\/wp\/v2\/media\/1046"}],"wp:attachment":[{"href":"https:\/\/www.microxol.com\/index.php?rest_route=%2Fwp%2Fv2%2Fmedia&parent=802"}],"wp:term":[{"taxonomy":"product_brand","embeddable":true,"href":"https:\/\/www.microxol.com\/index.php?rest_route=%2Fwp%2Fv2%2Fproduct_brand&post=802"},{"taxonomy":"product_cat","embeddable":true,"href":"https:\/\/www.microxol.com\/index.php?rest_route=%2Fwp%2Fv2%2Fproduct_cat&post=802"},{"taxonomy":"product_tag","embeddable":true,"href":"https:\/\/www.microxol.com\/index.php?rest_route=%2Fwp%2Fv2%2Fproduct_tag&post=802"}],"curies":[{"name":"wp","href":"https:\/\/api.w.org\/{rel}","templated":true}]}}