{"id":1749,"date":"2016-11-15T17:25:44","date_gmt":"2016-11-15T22:25:44","guid":{"rendered":"https:\/\/www.microxol.com.co\/?post_type=product&#038;p=1749"},"modified":"2024-10-21T21:08:37","modified_gmt":"2024-10-22T02:08:37","slug":"video-proyector-epson-s31-3200-lumen-hdmi","status":"publish","type":"product","link":"https:\/\/www.microxol.com\/?product=video-proyector-epson-s31-3200-lumen-hdmi","title":{"rendered":"V\u00cdDEO PROYECTOR EPSON 4000 Lumens INALAMBRICO POWERLITE  W52 V11HA02021"},"content":{"rendered":"<h1 class=\"product_title entry-title wd-entities-title\"><strong style=\"font-size: 14px;\">Excelente calidad:<\/strong><span style=\"font-size: 14px;\">\u00a0resoluci\u00f3n nativa WXGA (1.280 px x 800 px). Ideal para presentaciones multimedia.<\/span><\/h1>\n<section class=\"row\">\n<div class=\"simple-responsive-banner-component module-text-list js-tl-rte container-fluid container-main-content__aligned\" data-cpt-id=\"8796105999420\">\n<div class=\"module-content\">\n<p><strong>Ajustes de imagen simples e instant\u00e1neos:<\/strong>\u00a0facilidad de uso del videoproyector, dise\u00f1ado con el usuario en mente.<\/p>\n<p><strong>L\u00e1mpara con una duraci\u00f3n hasta de 12.000 horas<sup>3<\/sup>.<\/strong><\/p>\n<p><strong>Conectividad inal\u00e1mbrica:<\/strong>\u00a0para dispositivos m\u00f3viles a trav\u00e9s de Epson iProjectionTM.<\/p>\n<p><strong>Experiencia al natural:<\/strong>\u00a0colores hasta 3 veces m\u00e1s brillantes2. La tecnolog\u00eda 3LCD permite un balance m\u00e1s exacto entre la luz blanca y la de color, para proyecciones realmente naturales.<\/p>\n<p><strong>Caracter\u00edsticas ecoamigables<sup>4<\/sup><\/strong><\/p>\n<ul>\n<li>3 Chips 3LCD que ahorran energ\u00eda<\/li>\n<li>L\u00e1mpara E-TORL que ahorra energ\u00eda<\/li>\n<li>Bajo consumo de energ\u00eda, de 0,3 W en modo de espera<\/li>\n<li>Dise\u00f1ados para f\u00e1cil reciclaje<\/li>\n<li>Adheridos a las reglas RoHS<\/li>\n<li>PRODUCTO : NUEVO\n<p>GARANTIA : 12 MESES<\/p>\n<p>&nbsp;<\/p>\n<p><i><em><strong>Consulta por disponibilidad a tu Asesor!!!<\/strong><\/em><\/i><\/p>\n<h4><strong><em>\u00bfNecesitas ayuda? Escribenos Ahora Mismo!<\/em><br \/>\n<em>Email:<\/em><\/strong>\u00a0microxol@hotmail.com<br \/>\n<em><strong>WhatsApp:<\/strong><\/em>\u00a03115229464<\/h4>\n<\/li>\n<li><\/li>\n<\/ul>\n<\/div>\n<\/div>\n<\/section>\n<section class=\"row\">\n<div class=\"simple-responsive-banner-component module-text-list js-tl-rte container-fluid container-main-content__aligned\" data-cpt-id=\"8796105999420\">\n<div class=\"module-content\">\n<div class=\"text-rows two-up\">\n<div class=\"text-row three-fourths\"><\/div>\n<\/div>\n<\/div>\n<\/div>\n<\/section>\n","protected":false},"excerpt":{"rendered":"<h4 class=\"name\">Videoproyector inal\u00e1mbrico portable, confiable y de gran resoluci\u00f3n<\/h4>\n<div class=\"description\">\n<p>El PowerLite\u00ae W52+ es el videoproyector ideal para negocios, ya que permite conectar varios dispositivos al mismo tiempo de forma inal\u00e1mbrica. Brinda una pantalla de m\u00e1s de 100&#8243; con calidad excepcional y excelente brillo para situaciones de gran luz ambiental o artificial.<\/p>\n<p>La tecnolog\u00eda 3LCD ofrece im\u00e1genes claras, brillantes y llenas de color. Su luminosidad de 4.000 l\u00famenes en color<sup>1<\/sup>\u00a0y 4.000 l\u00famenes en blanco<sup>1<\/sup>\u00a0lo convierten en la mejor opci\u00f3n. Su resoluci\u00f3n WXGA de 1.280 px x 800 px es ideal para presentaciones de gran calidad. Su dise\u00f1o compacto y portable lo convierten en la mejor opci\u00f3n para los ejecutivos actuales.<\/p>\n<ul class=\"details\">\n<li>\n<ul>\n<li>Ajustes de imagen simples e instant\u00e1neos<\/li>\n<li>Conectividad inal\u00e1mbrica<\/li>\n<li>Experiencia al natural<\/li>\n<\/ul>\n<\/li>\n<\/ul>\n<\/div>\n","protected":false},"featured_media":8601,"comment_status":"open","ping_status":"closed","template":"","meta":{"kt_blocks_editor_width":""},"product_brand":[],"product_cat":[114,113],"product_tag":[],"class_list":{"0":"post-1749","1":"product","2":"type-product","3":"status-publish","4":"has-post-thumbnail","6":"product_cat-video-proyector-epson","7":"product_cat-videoproyectores","9":"first","10":"instock","11":"shipping-taxable","12":"purchasable","13":"product-type-simple"},"_links":{"self":[{"href":"https:\/\/www.microxol.com\/index.php?rest_route=\/wp\/v2\/product\/1749","targetHints":{"allow":["GET"]}}],"collection":[{"href":"https:\/\/www.microxol.com\/index.php?rest_route=\/wp\/v2\/product"}],"about":[{"href":"https:\/\/www.microxol.com\/index.php?rest_route=\/wp\/v2\/types\/product"}],"replies":[{"embeddable":true,"href":"https:\/\/www.microxol.com\/index.php?rest_route=%2Fwp%2Fv2%2Fcomments&post=1749"}],"wp:featuredmedia":[{"embeddable":true,"href":"https:\/\/www.microxol.com\/index.php?rest_route=\/wp\/v2\/media\/8601"}],"wp:attachment":[{"href":"https:\/\/www.microxol.com\/index.php?rest_route=%2Fwp%2Fv2%2Fmedia&parent=1749"}],"wp:term":[{"taxonomy":"product_brand","embeddable":true,"href":"https:\/\/www.microxol.com\/index.php?rest_route=%2Fwp%2Fv2%2Fproduct_brand&post=1749"},{"taxonomy":"product_cat","embeddable":true,"href":"https:\/\/www.microxol.com\/index.php?rest_route=%2Fwp%2Fv2%2Fproduct_cat&post=1749"},{"taxonomy":"product_tag","embeddable":true,"href":"https:\/\/www.microxol.com\/index.php?rest_route=%2Fwp%2Fv2%2Fproduct_tag&post=1749"}],"curies":[{"name":"wp","href":"https:\/\/api.w.org\/{rel}","templated":true}]}}