{"id":117,"date":"2015-03-04T16:28:07","date_gmt":"2015-03-04T21:28:07","guid":{"rendered":"https:\/\/www.microxol.com\/nuevo\/?post_type=product&#038;p=117"},"modified":"2024-05-05T11:43:41","modified_gmt":"2024-05-05T16:43:41","slug":"pc-amd-dual-core","status":"publish","type":"product","link":"https:\/\/www.microxol.com\/?product=pc-amd-dual-core","title":{"rendered":"COMPUTADOR DE ESCRITORIO PC GAMER  INTEL CORE I5 12400"},"content":{"rendered":"<p>PROCESADOR\u00a0 \u00a0INTEL CORE i5 (12400) 2,5 Ghz FRECUENCIA<br \/>\nBASICA, 4,4 Ghz FRECUENCIA TURBO, 6 NUCLEOS, 6 Performance-cores, 12<br \/>\nSUBPROCESOS, 18MB CACHE, Intel 7 NM<\/p>\n<p>BOARD H610M, SOCKET 1700, 2 SLOTS MEMORIA (MEMORIA MAXIMA 64GB),<\/p>\n<p>DISCO SOLIDO 512GB M.2 PCIE<\/p>\n<p><em><strong>MEMORIA RAM 16GB DDR4 RGB,<\/strong><\/em><\/p>\n<p><em><strong>TARJETA DE VIDEO GTX 1650 4GB,<\/strong><\/em><\/p>\n<p>CAJA ATX JANUS\u00a0 AX-6 GAMER FRENTE Y LATERAL DE VIDRIO TEMPLADO, 4 VENTILADORES ARGB,<\/p>\n<p>FUENTE 550W REALES<\/p>\n<p>MONITOR 22&#8243; FHD &#8211; CON PARLANTES<\/p>\n<p>TECLADO+MOUSE USB<\/p>\n<p>PRODUCTO : NUEVO<\/p>\n<p>GARANTIA : 12 MESES<\/p>\n<p>&nbsp;<\/p>\n<p><i><em><strong>Consulta por disponibilidad a tu Asesor!!!<\/strong><\/em><\/i><\/p>\n<h4><strong><em>\u00bfNecesitas ayuda? Escribenos Ahora Mismo!<\/em><br \/>\n<em>Email:<\/em><\/strong>\u00a0microxol@hotmail.com<\/h4>\n","protected":false},"excerpt":{"rendered":"<p>PC INTEL JANUS es una computadora que combina el dise\u00f1o ergon\u00f3mico, funcionalidad y poder. D\u00e1ndote seguridad y confianza para que todos en tu familia la utilicen sin ninguna preocupaci\u00f3n. Incluye todo lo que necesitas sin gastar de m\u00e1s<\/p>\n<p>Construida para durar<br \/>\n\u00bfEst\u00e1s buscando un potente equipo\u00a0 que pueda crecer f\u00e1cilmente contigo? Mantener actualizada la tecnolog\u00eda nunca fue tan sencillo. Puedes actualizar el hardware de forma simple para asegurarte de tener siempre la capacidad de completar las tareas.<\/p>\n<p>Un equipo potente<br \/>\nSupera los d\u00edas de mayor actividad gracias al rendimiento de un confiable procesador. Guarda m\u00e1s de lo que amas con el abundante almacenamiento destinado a todas tus<\/p>\n<p>&nbsp;<\/p>\n<p>&nbsp;<\/p>\n","protected":false},"featured_media":6776,"comment_status":"open","ping_status":"closed","template":"","meta":{"kt_blocks_editor_width":""},"product_brand":[],"product_cat":[8,87],"product_tag":[],"class_list":{"0":"post-117","1":"product","2":"type-product","3":"status-publish","4":"has-post-thumbnail","6":"product_cat-computadores-de-escritorio","7":"product_cat-janus","9":"first","10":"instock","11":"shipping-taxable","12":"purchasable","13":"product-type-simple"},"_links":{"self":[{"href":"https:\/\/www.microxol.com\/index.php?rest_route=\/wp\/v2\/product\/117","targetHints":{"allow":["GET"]}}],"collection":[{"href":"https:\/\/www.microxol.com\/index.php?rest_route=\/wp\/v2\/product"}],"about":[{"href":"https:\/\/www.microxol.com\/index.php?rest_route=\/wp\/v2\/types\/product"}],"replies":[{"embeddable":true,"href":"https:\/\/www.microxol.com\/index.php?rest_route=%2Fwp%2Fv2%2Fcomments&post=117"}],"wp:featuredmedia":[{"embeddable":true,"href":"https:\/\/www.microxol.com\/index.php?rest_route=\/wp\/v2\/media\/6776"}],"wp:attachment":[{"href":"https:\/\/www.microxol.com\/index.php?rest_route=%2Fwp%2Fv2%2Fmedia&parent=117"}],"wp:term":[{"taxonomy":"product_brand","embeddable":true,"href":"https:\/\/www.microxol.com\/index.php?rest_route=%2Fwp%2Fv2%2Fproduct_brand&post=117"},{"taxonomy":"product_cat","embeddable":true,"href":"https:\/\/www.microxol.com\/index.php?rest_route=%2Fwp%2Fv2%2Fproduct_cat&post=117"},{"taxonomy":"product_tag","embeddable":true,"href":"https:\/\/www.microxol.com\/index.php?rest_route=%2Fwp%2Fv2%2Fproduct_tag&post=117"}],"curies":[{"name":"wp","href":"https:\/\/api.w.org\/{rel}","templated":true}]}}